 (base 9) in base 5?
340
What is -2 (base 4) in base 8?
-2
-31 (base 6) to base 8
-23
Convert 10 (base 4) to base 12.
4
Convert -37 (base 9) to base 5.
-114
Convert 44 (base 14) to base 12.
50
What is -7a (base 15) in base 3?
-11021
Convert 20101 (base 3) to base 13.
103
What is -5b (base 15) in base 9?
-105
What is -7 (base 14) in base 2?
-111
What is 26 (base 10) in base 13?
20
Convert -431 (base 8) to base 16.
-119
What is -1 (base 16) in base 15?
-1
What is 10 (base 5) in base 2?
101
What is -272 (base 8) in base 15?
-c6
Convert 16 (base 11) to base 10.
17
1100101 (base 2) to base 11
92
What is -122 (base 4) in base 10?
-26
Convert 11000110 (base 2) to base 4.
3012
Convert 2 (base 4) to base 14.
2
-11 (base 2) to base 10
-3
Convert -4 (base 13) to base 9.
-4
What is 1222 (base 3) in base 11?
49
What is 8 (base 14) in base 9?
8
What is 11 (base 13) in base 10?
14
What is -101 (base 2) in base 12?
-5
What is 15 (base 6) in base 4?
23
-11001 (base 2) to base 5
-100
Convert 38 (base 15) to base 8.
65
11 (base 6) to base 2
111
0 (base 8) to base 15
0
What is 12 (base 15) in base 16?
11
-1 (base 3) to base 10
-1
Convert 113 (base 9) to base 16.
5d
What is 6 (base 10) in base 16?
6
Convert -1 (base 14) to base 2.
-1
1 (base 10) to base 12
1
What is 2 (base 12) in base 3?
2
0 (base 15) to base 11
0
What is 32 (base 5) in base 6?
25
What is -11 (base 5) in base 8?
-6
Convert 2 (base 16) to base 2.
10
What is -1 (base 12) in base 13?
-1
Convert 44 (base 15) to base 2.
1000000
What is 520 (base 7) in base 3?
100121
-1025 (base 6) to base 16
-e9
What is 3 (base 14) in base 13?
3
Convert -18 (base 12) to base 7.
-26
What is 4 (base 15) in base 3?
11
Convert -1 (base 4) to base 10.
-1
Convert 1 (base 6) to base 3.
1
Convert -98 (base 13) to base 14.
-8d
Convert 125 (base 11) to base 9.
174
What is 42 (base 14) in base 10?
58
Convert 11 (base 13) to base 7.
20
Convert 159 (base 12) to base 6.
553
-88 (base 16) to base 9
-161
What is 1 (base 15) in base 14?
1
What is -8 (base 14) in base 15?
-8
Convert 0 (base 10) to base 16.
0
What is 3 (base 5) in base 9?
3
21 (base 3) to base 8
7
23 (base 15) to base 9
36
7 (base 15) to base 6
11
What is 3 (base 14) in base 12?
3
Convert -2 (base 3) to base 8.
-2
What is -b2 (base 15) in base 5?
-1132
What is 3 (base 6) in base 3?
10
49 (base 10) to base 7
100
5 (base 13) to base 5
10
What is 0 (base 3) in base 13?
0
What is 14 (base 13) in base 6?
25
Convert -4 (base 16) to base 5.
-4
What is -1331 (base 4) in base 12?
-a5
Convert 6 (base 14) to base 7.
6
What is 11011 (base 2) in base 15?
1c
Convert 0 (base 14) to base 16.
0
Convert 101 (base 3) to base 10.
10
What is -22 (base 14) in base 8?
-36
What is -27 (base 13) in base 7?
-45
What is -1 (base 4) in base 12?
-1
Convert -13 (base 15) to base 12.
-16
18 (base 11) to base 9
21
Convert -4 (base 5) to base 12.
-4
-5 (base 16) to base 8
-5
What is -270 (base 11) in base 13?
-1b7
43 (base 9) to base 10
39
What is -1 (base 2) in base 14?
-1
What is 3 (base 11) in base 8?
3
Convert 141 (base 14) to base 4.
3331
Convert 1010 (base 2) to base 3.
101
What is -35 (base 6) in base 15?
-18
-1 (base 7) to base 11
-1
33 (base 13) to base 3
1120
What is 8 (base 14) in base 13?
8
-45 (base 6) to base 2
-11101
1 (base 15) to base 3
1
-18 (base 12) to base 15
-15
4 (base 11) to base 6
4
Convert -1 (base 2) to base 7.
-1
-27 (base 8) to base 11
-21
Convert -3b (base 12) to base 2.
-101111
111110 (base 2) to base 14
46
What is -5 (base 16) in base 7?
-5
Convert 3 (base 11) to base 6.
3
What is 0 (base 13) in base 7?
0
0 (base 11) to base 10
0
What is -2 (base 10) in base 14?
-2
-2010 (base 3) to base 11
-52
Convert 28 (base 10) to base 4.
130
What is -30 (base 4) in base 16?
-c
What is 4 (base 6) in base 9?
4
6 (base 12) to base 15
6
Convert -3 (base 6) to base 3.
-10
220 (base 5) to base 7
114
Convert -4 (base 7) to base 16.
-4
What is -10 (base 5) in base 9?
-5
-1 (base 6) to base 7
-1
What is -11 (base 8) in base 15?
-9
50 (base 8) to base 16
28
What is -2 (base 10) in base 11?
-2
Convert d0 (base 15) to base 6.
523
-54 (base 11) to base 13
-47
Convert 9 (base 15) to base 13.
9
What is 92 (base 11) in base 13?
7a
Convert -74 (base 15) to base 11.
-9a
Convert 10012 (base 3) to base 12.
72
What is -1e (base 16) in base 9?
-33
What is -2011 (base 4) in base 10?
-133
Convert -1 (base 10) to base 5.
-1
What is -27 (base 11) in base 2?
-11101
-12 (base 15) to base 13
-14
Convert -b (base 12) to base 10.
-11
Convert -c0 (base 16) to base 9.
-233
Convert -2 (base 14) to base 15.
-2
What is -3 (base 10) in base 11?
-3
What is 177 (base 11) in base 16?
cd
What is 3 (base 16) in base 11?
3
Convert 100 (base 5) to base 13.
1c
Convert 2 (base 12) to base 11.
2
What is 88 (base 10) in base 14?
64
-136 (base 10) to base 4
-2020
Convert -2 (base 3) to base 4.
-2
Convert 3 (base 15) to base 14.
3
What is -5 (base 6) in base 10?
-5
What is -113 (base 11) in base 15?
-90
-3 (base 6) to base 11
-3
-11 (base 4) to base 2
-101
Convert 4 (base 6) to base 9.
4
What is 101011 (base 3) in base 8?
422
-165 (base 10) to base 13
-c9
What is 10 (base 4) in base 10?
4
-3 (base 9) to base 4
-3
What is 16 (base 15) in base 2?
10101
0 (base 11) to base 5
0
44 (base 7) to base 10
32
What is -11 (base 7) in base 5?
-13
Convert -1 (base 3) to base 9.
-1
What is 4 (base 7) in base 5?
4
Convert 1 (base 8) to base 5.
1
What is -6 (base 16) in base 11?
-6
Convert -1 (base 2) to base 13.
-1
What is 16 (base 16) in base 13?
19
What is -62 (base 9) in base 12?
-48
What is -c3 (base 16) in base 7?
-366
111 (base 2) to base 12
7
Convert -2 (base 12) to base 13.
-2
-2 (base 15) to base 12
-2
Convert 11b (base 13) to base 5.
1233
-6 (base 7) to base 2
-110
Convert -300 (base 6) to base 2.
-1101100
Convert -7 (base 9) to base 4.
-13
Convert 3 (base 4) to base 13.
3
What is -7 (base 10) in base 9?
-7
15 (base 15) to base 4
110
Convert -1 (base 13) to base 4.
-1
What is -20 (base 5) in base 13?
-a
-50 (base 11) to base 8
-67
What is -1110 (base 2) in base 13?
-11
Convert -23 (base 13) to base 14.
-21
Convert 8 (base 11) to base 8.
10
Convert 18c (base 16) to base 9.
480
Convert 1100 (base 2) to base 12.
10
Convert 2120 (base 3) to base 14.
4d
What is -13 (base 9) in base 16?
-c
What is -17 (base 9) in base 12?
-14
102 (base 11) to base 6
323
Convert -5 (base 13) to base 4.
-11
What is -41 (base 10) in base 4?
-221
-22 (base 5) to base 10
-12
Convert 3 (base 6) to base 11.
3
2 (base 14) to base 3
2
What is 4 (base 5) in base 9?
4
2212 (base 4) to base 3
20011
25 (base 12) to base 5
104
What is -153 (base 9) in base 10?
-129
Convert -1 (base 15) to base 12.
-1
Convert -3 (base 11) to base 9.
-3
-6 (base 12) to base 7
-6
What is -2230 (base 5) in base 14?
-187
What is -43 (base 7) in base 9?
-34
Convert -18 (base 9) to base 14.
-13
-ab (base 15) to base 5
-1121
2 (base 8) to base 2
10
10 (base 16) to base 10
16
e (base 15) to base 4
32
12 (base 15) to base 8
21
-14 (base 15) to base 13
-16
7 (base 14) to base 2
111
Convert -3 (base 10) to base 4.
-3
44 (base 15) to base 5
224
Convert -5 (base 13) to base 2.
-101
What is -12 (base 3) in base 16?
-5
Convert 1133 (base 6) to base 11.
229
What is -21 (base 6) in base 10?
-13
3 (base 15) to base 10
3
-1 (base 4) to base 9
-1
Convert -161 (base 7) to base 12.
-78
What is -1201 (base 5) in base 6?
-452
Convert 21 (base 5) to base 14.
b
What is -176 (base 10) in base 9?
-215
-3 (base 5) to base 16
-3
What is 1 (base 13) in base 11?
1
Convert -4 (base 9) to base 12.
-4
What is 2 (base 12) in base 11?
2
What is -7 (base 10) in base 3?
-21
What is 3 (base 15) in base 8?
3
-101011 (base 2) to base 6
-111
Convert -121 (base 4) to base 3.
-221
Convert d (base 16) to base 15.
d
What is 11 (base 11) in base 16?
c
-1 (base 7) to base 14
-1
Convert 57 (base 8) to base 4.
233
Convert -253 (base 8) to base 10.
-171
2 (base 6) to base 16
2
66 (base 9) to base 4
330
What is 214 (base 5) in base 9?
65
What is 1 (base 5) in base 2?
1
Convert -a (base 11) to base 12.
-a
What is 20 (base 9) in base 11?
17
Convert -ca (base 13) to base 9.
-204
-353 (base 7) to base 8
-271
Convert -3 (base 9) to base 11.
-3
Convert 101100 (base 2) to base 15.
2e
What is -147 (base 8) in base 10?
-103
What is -441 (base 5) 